{"id":119,"date":"2018-07-17T13:43:31","date_gmt":"2018-07-17T16:43:31","guid":{"rendered":"https:\/\/www.drfelipethome.com.br\/site\/?page_id=119"},"modified":"2022-07-18T16:11:02","modified_gmt":"2022-07-18T19:11:02","slug":"links","status":"publish","type":"page","link":"https:\/\/www.drfelipethome.com.br\/site\/links\/","title":{"rendered":"Links"},"content":{"rendered":"<p style=\"text-align: center;\"><strong>Onco Guia<\/strong><br \/>\n<strong><a href=\"http:\/\/www.oncoguia.org.br\">http:\/\/www.oncoguia.org.br<\/a><\/strong><\/p>\n<p style=\"text-align: center;\"><strong>Funda\u00e7\u00e3o do C\u00e2ncer<\/strong><br \/>\n<strong><a href=\"https:\/\/www.cancer.org.br\">https:\/\/www.cancer.org.br<\/a><\/strong><\/p>\n<p style=\"text-align: center;\"><strong>Inca<\/strong><br \/>\n<a href=\"https:\/\/www.inca.gov.br\" target=\"_blank\" rel=\"noopener\"><b>\u00a0https:\/\/www.inca.gov.br<\/b><\/a><\/p>\n<p style=\"text-align: center;\"><strong>Hospital de Amor<\/strong><br \/>\n<strong><a href=\"https:\/\/hospitaldeamor.com.br\">https:\/\/hospitaldeamor.com.br<\/a><\/strong><\/p>\n<p style=\"text-align: center;\"><strong>AC Camargo<\/strong><br \/>\n<strong><a href=\"http:\/\/www.accamargo.org.br\">http:\/\/www.accamargo.org.br<\/a><\/strong><\/p>\n<p style=\"text-align: center;\"><strong>Instituto Vencer o C\u00e2ncer<\/strong><br \/>\n<strong><a href=\"https:\/\/www.vencerocancer.org.br\">https:\/\/www.vencerocancer.org.br<\/a><\/strong><\/p>\n<p>&nbsp;<\/p>\n<p>&nbsp;<\/p>\n<p>&nbsp;<\/p>\n<p>&nbsp;<\/p>\n<p>&nbsp;<\/p>\n","protected":false},"excerpt":{"rendered":"<p>Onco Guia http:\/\/www.oncoguia.org.br Funda\u00e7\u00e3o do C\u00e2ncer https:\/\/www.cancer.org.br Inca \u00a0https:\/\/www.inca.gov.br Hospital de Amor https:\/\/hospitaldeamor.com.br AC Camargo http:\/\/www.accamargo.org.br Instituto Vencer o C\u00e2ncer https:\/\/www.vencerocancer.org.br &nbsp; &nbsp; &nbsp; &nbsp; &nbsp;<\/p>\n","protected":false},"author":1,"featured_media":0,"parent":0,"menu_order":0,"comment_status":"closed","ping_status":"closed","template":"","meta":{"footnotes":""},"class_list":["post-119","page","type-page","status-publish","hentry"],"_links":{"self":[{"href":"https:\/\/www.drfelipethome.com.br\/site\/wp-json\/wp\/v2\/pages\/119"}],"collection":[{"href":"https:\/\/www.drfelipethome.com.br\/site\/wp-json\/wp\/v2\/pages"}],"about":[{"href":"https:\/\/www.drfelipethome.com.br\/site\/wp-json\/wp\/v2\/types\/page"}],"author":[{"embeddable":true,"href":"https:\/\/www.drfelipethome.com.br\/site\/wp-json\/wp\/v2\/users\/1"}],"replies":[{"embeddable":true,"href":"https:\/\/www.drfelipethome.com.br\/site\/wp-json\/wp\/v2\/comments?post=119"}],"version-history":[{"count":8,"href":"https:\/\/www.drfelipethome.com.br\/site\/wp-json\/wp\/v2\/pages\/119\/revisions"}],"predecessor-version":[{"id":1217,"href":"https:\/\/www.drfelipethome.com.br\/site\/wp-json\/wp\/v2\/pages\/119\/revisions\/1217"}],"wp:attachment":[{"href":"https:\/\/www.drfelipethome.com.br\/site\/wp-json\/wp\/v2\/media?parent=119"}],"curies":[{"name":"wp","href":"https:\/\/api.w.org\/{rel}","templated":true}]}}